{"id":58,"date":"2020-12-31T11:30:58","date_gmt":"2020-12-31T10:30:58","guid":{"rendered":"https:\/\/atomik-panda.com\/?page_id=58"},"modified":"2024-05-04T14:25:56","modified_gmt":"2024-05-04T12:25:56","slug":"meteo","status":"publish","type":"page","link":"https:\/\/atomik-panda.com\/?page_id=58","title":{"rendered":"M\u00e9t\u00e9o"},"content":{"rendered":"<div class=\"widget-container\">\n    <script src=\"https:\/\/services.data.shom.fr\/oceano\/render\/widget?duration=4&#038;delta-date=0&#038;spot=LA_COTINIERE&#038;utc=1&#038;lang=fr&#038;width=1300&#038;height=1000\"><\/script>\n<\/div>\n\n\n<iframe title=\"Ventus Weather Map Shortcode 45.9 -1.6\" loading=\"lazy\" style=\"width: 100%; height: 750px; border-radius: 20px; box-sizing: border-box;\" src=\"https:\/\/embed.windy.com\/embed2.html?lat=45.9&lon=-1.6&zoom=6&overlay=wind&marker=true&pressure=true&detailLat=45.9&detailLon=-1.6&metricWind=knots&metricTemp=\u00b0C&detail=true&calendar=24&product=ecmwf&level=surface&menu=&message=true&type=map&location=coordinates&radarRange=-1\" frameborder=\"0\"><\/iframe>\n\n\n<iframe title=\"Ventus Weather Map Shortcode 45.9 -1.6\" loading=\"lazy\" style=\"width: 100%; height: 750px; border-radius: 20px; box-sizing: border-box;\" src=\"https:\/\/embed.windy.com\/embed2.html?lat=45.9&lon=-1.6&zoom=6&overlay=waves&marker=true&pressure=true&detailLat=45.9&detailLon=-1.6&metricWind=knots&metricTemp=\u00b0C&detail=true&calendar=24&product=ecmwf&level=surface&menu=&message=true&type=map&location=coordinates&radarRange=-1\" frameborder=\"0\"><\/iframe>\n\n\n\n\n\n<link href=\"\/\/fr.surf-forecast.com\/stylesheets\/widget.css\" media=\"screen\" rel=\"stylesheet\" type=\"text\/css\" \/><div class=\"wf-width-cont surf-fc-widget\"><div class=\"widget-container\"><div class=\"external-cont\"><iframe class=\"surf-fc-i\" allowtransparency=\"true\" src=\"\/\/fr.surf-forecast.com\/breaks\/Oleron-Grand-Village\/forecasts\/widget\/m\" scrolling=\"no\" frameborder=\"0\" marginwidth=\"0\" marginheight=\"0\"><\/iframe><div class=\"footer\"><a class=\"logo\" href=\"\/\/fr.surf-forecast.com\/\"><img src=\"\/\/www.surf-forecast.com\/images\/widget.png\" width=\"1\" height=\"1\" \/><\/a><div class=\"about\" id=\"cmt\">Plus <a href=\"\/\/fr.surf-forecast.com\/breaks\/Oleron-Grand-Village\">Conditions de surf d\u00e9taill\u00e9es et webcams pour&nbsp;Ile d&rsquo;Oleron &#8211; Grand Village<\/a> <nobr>\u00e0&nbsp;<a href=\"\/\/fr.surf-forecast.com\/\">surf-forecast.com<\/a><\/nobr>.<\/div><\/div><\/div><\/div><\/div>\n\n\n<p><iframe src=\"https:\/\/horloge.maree.frbateaux.net\/ws153\" width=\"226\" height=\"217\" frameborder=\"0\" scrolling=\"no\"><a href=\"http:\/\/maree.info\/\" target=\"_top\" rel=\"dofollow noopener\">Calendrier des mar\u00e9es &#8211; horaire, hauteur, coefficient de mar\u00e9e<\/a><\/iframe><\/p>","protected":false},"excerpt":{"rendered":"<p>Plus Conditions de surf d\u00e9taill\u00e9es et webcams pour&nbsp;Ile d&rsquo;Oleron &#8211; Grand Village \u00e0&nbsp;surf-forecast.com. Calendrier des mar\u00e9es &#8211; horaire, hauteur, coefficient de mar\u00e9e<\/p>\n","protected":false},"author":1,"featured_media":0,"parent":0,"menu_order":0,"comment_status":"closed","ping_status":"closed","template":"elementor_header_footer","meta":{"footnotes":""},"_links":{"self":[{"href":"https:\/\/atomik-panda.com\/index.php?rest_route=\/wp\/v2\/pages\/58"}],"collection":[{"href":"https:\/\/atomik-panda.com\/index.php?rest_route=\/wp\/v2\/pages"}],"about":[{"href":"https:\/\/atomik-panda.com\/index.php?rest_route=\/wp\/v2\/types\/page"}],"author":[{"embeddable":true,"href":"https:\/\/atomik-panda.com\/index.php?rest_route=\/wp\/v2\/users\/1"}],"replies":[{"embeddable":true,"href":"https:\/\/atomik-panda.com\/index.php?rest_route=%2Fwp%2Fv2%2Fcomments&post=58"}],"version-history":[{"count":95,"href":"https:\/\/atomik-panda.com\/index.php?rest_route=\/wp\/v2\/pages\/58\/revisions"}],"predecessor-version":[{"id":516,"href":"https:\/\/atomik-panda.com\/index.php?rest_route=\/wp\/v2\/pages\/58\/revisions\/516"}],"wp:attachment":[{"href":"https:\/\/atomik-panda.com\/index.php?rest_route=%2Fwp%2Fv2%2Fmedia&parent=58"}],"curies":[{"name":"wp","href":"https:\/\/api.w.org\/{rel}","templated":true}]}}